80622. What is r(-29)?
-172
Let d(f) = -99205*f - 892844. Calculate d(-9).
1
Let t(d) = -d**2 + 32010*d - 1853233. What is t(58)?
-17
Let d(k) = -2*k**3 - 83*k**2 - 916*k - 379. What is d(-23)?
1116
Let p(o) = -462*o - 23956. Determine p(-50).
-856
Let t(a) = -2*a**2 + 7432*a + 111661. What is t(-15)?
-269
Let i(f) = -4*f**2 - 117*f - 359. What is i(-25)?
66
Let a(n) = -6311*n**3 + 37867*n**2 + 5*n - 59. Determine a(6).
7
Let d(r) = -3*r**2 + 32*r - 354. Determine d(34).
-2734
Let q(d) = -309*d - 18673. Give q(-62).
485
Let b(c) = 12551*c + 74830. Give b(-6).
-476
Let f(p) = -82*p + 2015. Calculate f(28).
-281
Let j(v) = 14773*v + 88672. Give j(-6).
34
Let a(z) = 310392*z - 6828628. Give a(22).
-4
Let y(k) = 62*k**2 + 453*k - 43. Calculate y(-7).
-176
Let r(u) = -11*u**3 + 18874*u**2 - 15427*u - 13722. What is r(1715)?
-2
Let j(b) = 20550*b - 143900. Give j(7).
-50
Let d(m) = -m**3 + 41*m**2 + 925*m - 26113. Calculate d(49).
4
Let h(d) = -2*d**2 + 1723*d + 398333. Determine h(1051).
4
Let l(w) = -w**3 - 21*w**2 + 32*w + 434. Calculate l(-22).
214
Let k(w) = 14*w**2 + 5*w - 7. Determine k(11).
1742
Let r(q) = -9671*q - 57981. Give r(-6).
45
Let a(k) = -6*k**2 + 6667896*k - 6667897. Determine a(1).
-7
Let i(x) = x**3 + 2*x**2 - 1254*x - 13603. Give i(-12).
5
Let g(o) = -4*o**2 + 1631*o + 31738. What is g(-19)?
-695
Let j(s) = s**2 - 20*s - 96106. Give j(-300).
-106
Let z(c) = 4*c**2 + 110*c - 140995. What is z(-202)?
1
Let k(t) = -628*t - 27694. What is k(-44)?
-62
Let m(l) = -10*l**2 - 364*l + 654. Determine m(-37).
432
Let z(w) = -6388*w + 2401898. Calculate z(376).
10
Let j(y) = 151*y + 12316. What is j(-93)?
-1727
Let d(h) = -h**3 + 647*h**2 + 42422*h - 164. Determine d(-60).
-284
Let i(a) = -a**3 + 2413*a**2 + 570710*a - 43. What is i(-217)?
-43
Let f(v) = -27578*v + 165410. What is f(6)?
-58
Let f(l) = 265274*l - 3183285. Give f(12).
3
Let q(s) = -35817*s + 2578836. What is q(72)?
12
Let u(d) = -71*d**2 - 3426*d - 871. Determine u(-48).
-7
Let p(t) = t**3 - 175*t**2 - 904*t + 272. What is p(180)?
-448
Let o(g) = 221*g - 68352. Determine o(307).
-505
Let j(i) = -12158*i + 85153. Determine j(7).
47
Let l(z) = 713*z + 43424. What is l(-61)?
-69
Let k(a) = -2895*a - 2392. Determine k(-1).
503
Let l(n) = n**2 + 7163*n - 1609122. Determine l(218).
-64
Let j(y) = -10*y**2 + 181498*y + 907731. Determine j(-5).
-9
Let c(t) = 21053*t - 21. Give c(0).
-21
Let b(l) = -l**3 - 171*l**2 - 40*l - 7124. Give b(-171).
-284
Let x(u) = u**3 + 469*u**2 + 1576*u + 518556. Determine x(-468).
12
Let t(a) = -12*a**2 - 268*a + 1748. What is t(6)?
-292
Let k(x) = 425*x**2 + 16*x - 591. Calculate k(0).
-591
Let o(p) = -p**3 + 7*p**2 + 254*p + 304. What is o(22)?
-1368
Let o(l) = 2*l**2 - 2957*l - 924065. What is o(-265)?
-10
Let b(l) = 280*l - 3878. Determine b(15).
322
Let z(v) = -605*v + 1253. Determine z(2).
43
Let j(b) = 10*b**3 + 34*b**2 + 100*b + 144. Calculate j(-2).
0
Let t(m) = 177279*m + 5495642. Give t(-31).
-7
Let m(n) = -123440*n - 370327. What is m(-3)?
-7
Let m(a) = -a**3 + 45*a**2 - 215*a - 13. Calculate m(0).
-13
Let i(y) = 180818*y + 361642. Determine i(-2).
6
Let c(f) = -14*f**2 - 120*f + 358. Give c(3).
-128
Let z(j) = -j**2 + 397*j - 34288. Give z(116).
-1692
Let t(s) = -44345*s + 1729521. Give t(39).
66
Let s(j) = -5*j**2 - 16135*j - 80543. Give s(-5).
7
Let k(p) = -p**2 - 1365*p - 43948. What is k(-33)?
8
Let r(s) = -27*s**2 - 117*s - 1853. Determine r(-15).
-6173
Let t(q) = 245*q + 1115. Determine t(-5).
-110
Let z(p) = -463*p + 109063. Give z(239).
-1594
Let r(l) = -l**3 + 50*l**2 - 25*l + 10. Calculate r(1).
34
Let d(o) = -o**3 + 71*o**2 - 226*o + 10874. What is d(70)?
-46
Let m(i) = i + 550. Calculate m(-136).
414
Let j(n) = -n**2 - 145*n - 251. Give j(-143).
35
Let g(m) = -277*m + 14071. Calculate g(57).
-1718
Let o(h) = h**3 + 197*h**2 + 2291*h + 147227. Determine o(-189).
-4
Let q(x) = -2885*x + 66359. What is q(23)?
4
Let i(a) = -9*a**3 + 257*a**2 - 147*a + 219. Give i(28).
23
Let y(l) = -l**3 - 7*l**2 + 15*l + 10. Calculate y(-5).
-115
Let k(y) = -13*y**2 - 16*y + 1317. What is k(-11)?
-80
Let w(p) = 400*p + 2315. Calculate w(-10).
-1685
Let t(x) = -6748*x + 161954. Give t(24).
2
Let t(w) = 53555*w + 428442. Calculate t(-8).
2
Let g(n) = 26*n + 1254. Give g(0).
1254
Let y(c) = 99485*c + 16315536. What is y(-164)?
-4
Let p(d) = -2593801*d + 10375211. Determine p(4).
7
Let h(b) = -b**2 + 188*b - 5947. Determine h(144).
389
Let v(q) = 1874*q + 5220. Determine v(-3).
-402
Let m(q) = 2160*q + 162003. What is m(-75)?
3
Let s(l) = -l**2 + 726*l + 235472. Determine s(-243).
5
Let b(x) = -774*x - 124606. Calculate b(-166).
3878
Let s(p) = 705*p - 16842. What is s(24)?
78
Let r(c) = -90237*c - 902366. What is r(-10)?
4
Let h(b) = 22*b**2 - 1035*b + 1974. Give h(45).
-51
Let x(y) = -y**3 - 3*y**2 + 151*y + 881. Give x(-7).
20
Let o(k) = -5095*k - 30487. What is o(-6)?
83
Let w(x) = 1695478*x + 15259310. Determine w(-9).
8
Let o(p) = 3*p**3 + 27*p**2 - 41*p + 46. What is o(-10)?
156
Let d(x) = 15*x**3 - 7246*x**2 + 643*x - 77272. Give d(483).
8
Let y(h) = 12127*h - 5214607. Calculate y(430).
3
Let z(v) = -24311*v + 145644. Give z(6).
-222
Let a(s) = 167*s + 10550. Determine a(-63).
29
Let u(c) = -5*c**2 - 338*c - 185. What is u(-69)?
-668
Let m(f) = -15*f**2 - 29*f - 62. Calculate m(5).
-582
Let a(d) = 2*d**3 - 121*d**2 + 1765*d - 35. Calculate a(36).
1
Let m(r) = -13*r**2 - 2191*r - 15763. Determine m(-161).
15
Let k(t) = -251*t**3 - 4749*t**2 + 378*t - 32. What is k(-19)?
6
Let z(x) = -170078*x + 1700642. Determine z(10).
-138
Let n(l) = 65*l**2 - 796*l - 842. Give n(-1).
19
Let q(j) = -42*j**3 + 26*j**2 + 2837*j - 2864. Determine q(1).
-43
Let p(q) = q**3 + 193*q**2 + 6693*q + 1673. Give p(-45).
188
Let w(o) = -3*o**3 - 19*o**2 - 435*o - 3144. Calculate w(-7).
-1
Let h(l) = -323*l + 2493. Give h(4).
1201
Let n(u) = 8483*u + 670156. Calculate n(-79).
-1
Let w(c) = 67549*c + 945693. Calculate w(-14).
7
Let s(j) = 18*j**2 + 1646*j - 80. What is s(-92)?
840
Let b(s) = 54*s**3 - 2592*s**2 + 128. Calculate b(48).
128
Let f(u) = -30*u**2 - 1767*u + 441. Calculate f(-59).
264
Let a(v) = -30*v**2 - 3087*v + 147. Give a(-103).
-162
Let x(l) = 11*l**2 - 67*l - 643. Give x(-8).
597
Let u(a) = 12*a**3 + 95*a**2 + 372*a + 3030. Determine u(-8).
-10
Let c(v) = -345*v**2 + 1475*v + 1253. Determine c(5).
3
Let a(h) = h**3 - 46*h**2 - 814*h + 41237. Give a(42).
-7
Let c(f) = -23*f + 5785. What is c(267)?
-356
Let g(z) = -3*z**3 - 79*z**2 + 49*z - 58. What is g(-27)?
77
Let t(p) = 5*p**2 - 332*p - 55898. Give t(144).
-26
Let p(x) = 2*x**3 - 134*x**2 + 407*x - 1020. Determine p(64).
452
Let w(q) = -14*q**2 - 145*q + 1633. Calculate w(10).
-1217
Let j(s) = -s**2 - 29277*s - 1578044. What is j(-54)?
-2
Let n(z) = 2*z**3 - 34*z**2 + 228*z - 4585. What is n(18)?
167
Let o(l) = -30*l**2 - 136*l - 264. Determine o(-16).
-5768
Let v(y) = -y**3 + 66*y**2 - 1031*y + 820. Calculate v(42).
-146
Let m(f) = -f**3 + 208*f**2 + 3*f - 74. What is m(0)?
-74
Let n(j) = 25938*j**2 + 129762*j + 355. Give n(-5).
-5
Let s(j) = j**3 - 9*j**2 + 4419*j - 53461. What is s(12)?
-1
Let u(f) = f**2 + 177516*f + 3017481. Determine u(-17).
-2
Let p(r) = -r**2 - 6776*r - 54138. Determine p(-8).
6
Let x(g) = 7*g**3 - 804*g**2 - 146*g + 2920. Calculate x(115).
-645
Let b(p) = -4*p**2 - 393*p + 11. Calculate b(-95).
1246
Let x(k) = 16*k**3 - 108*k**2 + 71*k + 32. Determine x(6).
26
Let g(j) = j**3 + 45*j**2 + 1490*j + 46443. What is g(-38)?
-69
Let r(c) = -23919*c + 5573134. Calculate r(233).
7
Let b(k) = 2332*k - 200566. Calculate b(86).
-14
Let h(f) = -f**2 - 2236*f - 90. Give h(0).
-90
Let h(z) = 49*z + 3668. Give h(-94).
-938
Let o(y) = -y**3 + 110*y**2 + 105*y + 556. Calculate o(111).
-110
Let v(g) = -34*g**3 - 2*g**2 - 19*g - 63. Give v(-3).
894
Let t(z) = 972*z + 66266. Determine t(-68).
170
Let d(y) = -2202*y + 2263652. Give d(1028).
-4
Let o(y) = -y**3 - 530*y**2 + 495*y - 19069. What is o(-531)?
47
Let b(d) = 135159*d - 40277381. Give b(298).
1
Let t(g) = -8*g**2 + 1154*g - 2322. Give t(2).
-46
Let g(k) = -44760*k + 402433. Give g(9).
-407
Let a(h) = -756*h - 27. Determine a(0).
-27
Let k(a) = 3267*a - 1182656. Determine k(362).
-2
Let h(m) = -17*m**2 - 47*m + 245. Give h(-6).
-85
Le